053 (base 6) to base 10.
11815665
Convert -202013133113 (base 4) to base 8.
-42073727
d742 (base 15) to base 8
130710
-b4847 (base 14) to base 10
-435183
What is -1000000010001111111011 (base 2) in base 11?
-12095a6
Convert -244155 (base 8) to base 11.
-58194
-1011011110110111101 (base 2) to base 13
-102347
What is 202670 (base 9) in base 16?
1d529
Convert -5788a (base 12) to base 8.
-344452
-3136a (base 13) to base 7
-515642
Convert -1011100110001111101 (base 2) to base 16.
-5cc7d
What is -201033002 (base 4) in base 11?
-93305
What is -49eb56 (base 15) in base 4?
-31200332103
Convert 28089 (base 13) to base 15.
17276
Convert 2000010101 (base 3) to base 8.
115041
What is 111221020011 (base 3) in base 14?
71d4a
Convert 2324330 (base 5) to base 14.
11693
Convert -1708219 (base 10) to base 13.
-47a6a6
2031303031 (base 4) to base 10
580813
Convert 11010100010010010011110 (base 2) to base 8.
32422236
15053 (base 10) to base 12
8865
Convert -10000010101011100000 (base 2) to base 3.
-1000012020121
What is -10033212202 (base 5) in base 7?
-151313051
a9b25 (base 13) to base 12
1299a1
Convert 4a860 (base 16) to base 11.
199379
Convert -10362 (base 11) to base 4.
-3223200
-2235450 (base 6) to base 3
-12210101110
62148a (base 12) to base 4
11313031222
1241621 (base 7) to base 10
161519
aaef7 (base 16) to base 11
439041
What is 18b646c (base 13) in base 9?
16253700
Convert -702b8 (base 12) to base 6.
-3041552
Convert 200022100000 (base 3) to base 5.
43012434
8851 (base 12) to base 15
46c7
-2042346 (base 11) to base 2
-1101110000000100011001
-595a (base 16) to base 5
-1212444
773d90 (base 14) to base 4
33123130222
Convert 3728268 (base 10) to base 8.
16161614
What is -3302210 (base 5) in base 13?
-1c985
What is 1202214 (base 7) in base 8?
450772
-31330235 (base 6) to base 9
-1642415
Convert 116742 (base 9) to base 3.
10120211102
-36d6 (base 15) to base 3
-121000110
2503331 (base 6) to base 16
20767
Convert 213142110 (base 6) to base 13.
a2a332
Convert -330264 (base 8) to base 12.
-54130
-2420001 (base 6) to base 3
-20110020001
What is f5a4 (base 16) in base 8?
172644
-2648114 (base 9) to base 16
-161d82
Convert 614558 (base 12) to base 10.
1521428
Convert -321444012 (base 6) to base 2.
-10101101011010101101000
44030403 (base 5) to base 8
1340222
Convert -2132210002 (base 4) to base 16.
-9e902
-200012221221 (base 3) to base 2
-1010111100011101111
What is -228905 (base 10) in base 13?
-80261
-11202121003 (base 4) to base 12
-5a0057
-a8fc (base 16) to base 10
-43260
What is 8c7708 (base 14) in base 12?
1728750
What is 1211200121001 (base 3) in base 5?
222244042
Convert -154137 (base 12) to base 2.
-1010111110010111011
Convert -1703661 (base 8) to base 3.
-221001221101
What is 1467bb (base 12) in base 13?
c0344
What is 106023054 (base 7) in base 5?
3124222230
What is 3002311123 (base 4) in base 16?
c2d5b
-3aa3b (base 12) to base 5
-10042400
81905 (base 11) to base 2
11101001100000001
-50143 (base 12) to base 16
-195c3
What is 12122111212 (base 3) in base 16?
1b24e
What is bec2 (base 15) in base 12?
1b4b5
23a6047 (base 14) to base 13
36ca206
Convert -231534055 (base 6) to base 8.
-20271523
Convert 44203642 (base 7) to base 16.
39fab7
-3202210 (base 4) to base 12
-8484
2e3f5 (base 16) to base 10
189429
101100100011011011110000 (base 2) to base 11
6657a62
2211122112202 (base 3) to base 15
1ec04e
What is 2200000020211 (base 3) in base 14?
28c760
Convert -3206604 (base 7) to base 3.
-201202111100
What is -271063 (base 8) in base 7?
-543205
What is -551430 (base 6) in base 7?
-250230
322443514 (base 6) to base 16
576b86
What is -15866810 (base 9) in base 3?
-112222020220100
Convert 26614610 (base 7) to base 4.
21120010220
Convert -13341030 (base 5) to base 3.
-20221221122
What is 5e2ccf (base 16) in base 3?
102121120012020
What is 100100022012 (base 3) in base 6?
3535305
Convert 347a8e (base 15) to base 9.
4640408
What is -13100422 (base 5) in base 9?
-214815
What is -257888 (base 9) in base 2?
-100110010000111110
What is -101111101111000001 (base 2) in base 11?
-123997
What is -25703c (base 16) in base 5?
-1112003224
What is 10224113142 (base 5) in base 11?
6096565
Convert 463 (base 10) to base 11.
391
What is -3047256 (base 8) in base 9?
-1458363
-2e5e24 (base 15) to base 8
-10445607
What is -313200000 (base 4) in base 12?
-ab680
What is -25153344 (base 7) in base 5?
-1034442401
What is -1100101101111111010 (base 2) in base 14?
-abc4a
-a685c9 (base 13) to base 3
-21100021202012
53541221 (base 7) to base 10
4564757
What is -571904 (base 10) in base 12?
-236b68
Convert -cbbb (base 16) to base 5.
-3132110
What is 3735447 (base 9) in base 8?
7577401
Convert -5530400 (base 6) to base 12.
-113a00
What is 1224200200 (base 5) in base 14?
570717
2e4da (base 16) to base 10
189658
12103143 (base 5) to base 6
2230443
160174 (base 8) to base 3
2220211110
1601414 (base 8) to base 13
131218
Convert 432312102 (base 5) to base 11.
1046245
-10120211202 (base 3) to base 12
-34a32
What is 4337409 (base 10) in base 15?
5aa259
Convert 10000110001100001101 (base 2) to base 13.
163245
Convert 25d84 (base 14) to base 16.
16c20
What is 101110111000110101 (base 2) in base 9?
322402
-32662525 (base 7) to base 10
-2822125
What is 31341 (base 6) in base 15?
13c7
What is 5e3b9 (base 16) in base 4?
1132032321
What is -12022041300 (base 5) in base 8?
-64702273
-5244945 (base 11) to base 8
-43210405
Convert -310341112 (base 5) to base 3.
-2101010011221
-1bb671a (base 13) to base 6
-530011515
What is -11110100011001001001 (base 2) in base 6?
-33242225
2a30a (base 12) to base 13
20c35
Convert 247716 (base 10) to base 6.
5150500
What is -1977945 (base 10) in base 6?
-110221053
Convert 1113222200 (base 4) to base 16.
57aa0
What is 318525 (base 9) in base 11?
11a7a9
-202100221022 (base 3) to base 4
-1201320020
What is -b07788 (base 12) in base 13?
-753b42
-1653080 (base 9) to base 14
-19d7d5
What is -15834420 (base 9) in base 6?
-442030243
What is -22e80 (base 16) in base 7?
-1133561
101023212 (base 5) to base 15
80d07
What is ccd (base 14) in base 6?
15421
What is 12001101111 (base 3) in base 16?
18463
Convert 2e30e8 (base 15) to base 7.
25010216
Convert -67671 (base 11) to base 14.
-279b9
Convert 1818c (base 15) to base 14.
205c2
1955433 (base 10) to base 14
38c89b
-134433555 (base 6) to base 10
-2741903
23d260 (base 15) to base 2
110100010101101100000
Convert 22549 (base 13) to base 12.
3015a
101111011101110101 (base 2) to base 14
50bd3
101101001110111010 (base 2) to base 10
185274
Convert -470919 (base 12) to base 16.
-116c25
Convert 61550551 (base 7) to base 16.
4ea99c
Convert 14c238 (base 13) to base 10.
512286
Convert 26750 (base 8) to base 2.
10110111101000
-21552281 (base 9) to base 3
-201121202022201
16c22f (base 16) to base 3
2210202221212
What is -685559 (base 10) in base 2?
-10100111010111110111
What is -6253600 (base 7) in base 3?
-1102020200211
What is 7820b8 (base 16) in base 12?
2777b60
What is -54656562 (base 7) in base 6?
-244451253
What is 12042232212 (base 5) in base 15?
1370422
Convert -715680 (base 9) to base 6.
-13031243
11000001010100101011 (base 2) to base 15
109951
Convert -30321344 (base 5) to base 16.
-3bde8
What is -1010202110220 (base 3) in base 7?
-5101032
Convert 211aa9 (base 14) to base 15.
1717e7
What is 107254 (base 9) in base 7?
355435
What is 1020322223 (base 4) in base 15?
5d762
Convert 2331434243 (base 5) to base 11.
301a36a
-22203122 (base 4) to base 13
-168a1
Convert -1121454 (base 10) to base 3.
-2002222100100
What is -10101110101110011010000 (base 2) in base 9?
-11685676
Convert 28a63 (base 12) to base 5.
3304221
What is 10001110101011110 (base 2) in base 9?
121181
100122000202 (base 3) to base 15
3b275
141534 (base 11) to base 5
24042323
Convert 11da9c (base 15) to base 12.
353640
Convert -1b5b16 (base 13) to base 2.
-10101010011111010111
1111110001100000011 (base 2) to base 3
222021000020
What is -124223 (base 6) in base 4?
-2300313
Convert -30626013 (base 8) to base 14.
-c127c7
-57157 (base 8) to base 5
-1233200
Convert ae325 (base 16) to base 14.
14804d
Convert -33211010302 (base 4) to base 16.
-3e5132
76480 (base 11) to base 3
12122022210
3455456 (base 7) to base 14
b42d6
What is 130611 (base 8) in base 2?
1011000110001001
What is 35302030 (base 7) i